/(-3) - -5). Suppose 3*o - 81 = -9. Calculate the greatest common divisor of y and o.
12
Let z be (-1089)/(-6)*2/3. Let h = -77 + z. What is the highest common factor of 22 and h?
22
Suppose -53*k = -58*k + 1080. Calculate the greatest common divisor of k and 24.
24
Let o be -1 - -5*(3 - 0). Suppose -s - s = -o. What is the greatest common factor of 63 and s?
7
Let d(g) = 13*g**2 + g. Let y be d(-1). Let k(a) = 2*a. Let q be k(-3). Let z be (-74)/q + 6/(-18). Calculate the highest common divisor of z and y.
12
Suppose -4*i = 9 - 69. Let w(p) = -2*p + 11. Let a(x) = -2*x + 11. Let c(z) = -7*a(z) + 6*w(z). Let o be c(8). Calculate the greatest common factor of i and o.
5
Let y = -13 + 18. Suppose -c - 4*c - 90 = 0. Let v = c + 33. Calculate the greatest common factor of v and y.
5
Suppose -j + 70 = 4*j. Calculate the highest common divisor of 14 and j.
14
Let j be 34/((-1)/(-1)*1). Let h(k) = 2*k**2 + 7. Let y be h(-4). Suppose 0 = -2*q - 5 + y. What is the highest common factor of q and j?
17
Let p = 2 - 0. Suppose -5*q = -p*q - 24. Suppose 0 = -n - n + q. Calculate the highest common divisor of n and 20.
4
Suppose 17 = -4*q + 81. Suppose 2*z - z - q = 0. Calculate the highest common divisor of z and 112.
16
Let b = -6 - 2. Suppose -3*f - 9 = 0, -3*r + 2*f + 0*f = -18. Let m be 13/r + 2/b. What is the highest common factor of m and 2?
1
Let q be (11 + -1 - 0) + -3. Calculate the greatest common divisor of 7 and q.
7
Suppose 4*k - 17 = -5. Suppose -k*d + 0*d + 72 = 0. Let r = 25 - 17. What is the greatest common factor of r and d?
8
Suppose -4*w + 16 = -12. Let l(o) be the first derivative of o**3 - 9*o**2/2 - 7*o - 2. Let f be l(w). Calculate the greatest common factor of 7 and f.
7
Suppose -536 = -4*x + 4*g - 48, 6 = 2*g. Let p(k) = -k + 13. Let d be p(-12). What is the highest common factor of d and x?
25
Let m(r) = -7*r**3 + r**2 + r. Let u be m(-1). Let l = u + -2. Let p = -12 + 47. What is the greatest common factor of p and l?
5
Let f = 8 - 4. Suppose -f*w - 264 = -4*t, -2*w - 3*w + 360 = 5*t. Calculate the greatest common factor of 46 and t.
23
Let k(g) = -5*g + 2. Let f be k(-3). What is the greatest common factor of 68 and f?
17
Suppose -d + 177 = -3*l, l + 2*d = -75 + 23. Let f = l + 121. What is the greatest common factor of 9 and f?
9
Suppose 2*i = 5*w + 168, -5*i + 4*w = w - 420. Suppose 21*s + 36 = 24*s. What is the greatest common divisor of s and i?
12
Let k(p) = -p + 3. Let l be k(0). Suppose -1 = -2*x + 3*t + 18, 4*x = 3*t + 23. Suppose l*d = x*d + 6. Calculate the highest common divisor of d and 30.
6
Suppose -2*t + 7*t + 4*p = 177, 2*p = -4. Suppose -27 = -4*g + 5*c - 0*c, -3*c = -5*g + t. Calculate the greatest common divisor of 16 and g.
8
Let z = 16 + -12. Suppose z*o - 139 = 21. What is the highest common factor of 8 and o?
8
Let s be ((-9)/6)/(2/(-96)). Let y = 5 - -13. What is the highest common factor of s and y?
18
Suppose -14*i + 22 = -13*i. Calculate the highest common divisor of i and 110.
22
Let o(q) = 4*q**2 + 3*q + 1. Let x be o(-2). Suppose -2*l - 3*l = 3*t - 104, -l + 18 = 2*t. What is the greatest common divisor of l and x?
11
Suppose -4*u + 0*u = -8. Calculate the highest common factor of 8 and u.
2
Suppose -5*g - 3*t + 18 = 0, -t + 0 = 4. Let i = -2 + g. Let l = 3 + i. What is the greatest common divisor of 14 and l?
7
Let z be 1 + 0 - (5 - (-2280)/(-6)). What is the greatest common factor of z and 47?
47
Suppose 3*w = -0*g + g - 73, g + 77 = -3*w. Let t = 55 - w. Suppose v = 2*v - t. What is the greatest common divisor of v and 10?
10
Let i be 1086/39 + (-2)/(-13). Calculate the greatest common divisor of i and 196.
28
Let q be 20/(-4)*-1 - 2. Suppose 3*w = 2*f + 2*w - 261, f + q*w - 141 = 0. What is the highest common divisor of 12 and f?
12
Let k(c) = c - 3. Let j be k(6). Let i = 5 - j. Suppose 5*x - i*h - 130 = 0, x - 5*h + 3 = 6. Calculate the greatest common factor of x and 7.
7
Let z(w) = -2*w - 6. Let d be z(-5). What is the highest common factor of d and 2?
2
Suppose -j = -5*i + 957, -2*i + 163 = 3*j - 230. Suppose -i = -m - 5*m. What is the greatest common factor of m and 288?
32
Let g = 52 - 36. Let u be (2/4)/((-2)/(-96)). What is the highest common divisor of g and u?
8
Let h(f) = f**3 + 15*f**2 + 9*f - 12. Let s be h(-13). Calculate the highest common factor of s and 19.
19
Let q(g) = -2*g + 12. Let n be q(9). Let p = -3 - n. Suppose 165 = p*l + 2*b, 0*b = -5*l - b + 275. What is the greatest common factor of l and 22?
11
Suppose 0 = -3*i + 2 + 16. Let g(w) = -w**3 - w**2 + w - 3. Let r be g(-3). Calculate the greatest common divisor of r and i.
6
Let x = -42 + 45. Calculate the highest common divisor of x and 24.
3
Let g = 1 + 2. Suppose -4*u + 4*a = 4, -g*a + 13 - 2 = -u. What is the greatest common factor of 8 and u?
4
Suppose f = 3*t + 5*f - 69, 4*t - 120 = 4*f. Let j(n) = 7*n - 89. Let l be j(14). What is the highest common divisor of l and t?
9
Suppose 25 = 2*z - k, z - 2 = 5*k - 12. Let y = z + -4. Calculate the highest common factor of y and 33.
11
Let q(d) = -d**3 - 5*d**2 - 4*d + 2. Let t be q(-4). Suppose 14 = -o + 24. Calculate the highest common factor of o and t.
2
Let b(u) = 32*u**2 + u - 1. Let f be b(1). Let m = -2 + 6. Calculate the greatest common divisor of m and f.
4
Let z(t) = t**3 - 7*t + 8. Let q be z(3). What is the greatest common factor of q and 28?
14
Let p = 14 + -28. Let h = -6 - p. Calculate the highest common divisor of 2 and h.
2
Suppose -5*i + 590 - 240 = 0. Calculate the greatest common factor of 10 and i.
10
Let p(j) = -2*j**2 - 43*j - 9. Let s be p(-18). Calculate the greatest common factor of s and 13.
13
Let g = -2 - -1. Let x be g/6 - 340/(-24). Calculate the highest common factor of x and 154.
14
Let w = 206 - 134. What is the highest common divisor of 48 and w?
24
Suppose -3*g - 65 = -3*n - 7*g, -4*n = 5*g - 88. Calculate the highest common factor of n and 243.
27
Let k(o) = o + 23. Let t be k(0). Suppose 3 - t = -5*w. Suppose -52 = -5*g + w*u, -10 = -2*g - u + 3. What is the greatest common divisor of 64 and g?
8
Suppose 2*b + 2*b + 4*x = 24, -x - 30 = -5*b. What is the greatest common factor of b and 66?
6
Suppose -5*g + 4*g - 104 = 0. Let f be 2/3 - g/6. What is the highest common divisor of 90 and f?
18
Suppose -3*x - 121 = -3*i - 28, 2*i - 4*x - 54 = 0. Suppose 2*p - i = h, 4*p - 32 = 2*p + 4*h. Calculate the highest common factor of p and 162.
18
Let s(q) = 3*q**3 + 2*q**2 - 2*q + 1. Let m = 9 - 5. Suppose 4*l = -3*g + 19, -l - m*l + g = 0. Let z be s(l). What is the highest common divisor of z and 6?
2
Suppose 2*s - 74 = s. Let h = s - 42. What is the greatest common divisor of h and 4?
4
Let m(n) = 33*n - 29. Let c be m(3). What is the highest common factor of 28 and c?
14
Suppose -704 = -4*r - 0*r. Suppose 5*l - 14 - r = -2*x, -2*l + x = -85. What is the highest common divisor of l and 16?
8
Let i = 11 - -34. Calculate the greatest common factor of i and 5.
5
Suppose -19 - 26 = -3*o. Let z be 632/5 + (-6)/o. Let u be (-37)/(-2) + 5/(-10). Calculate the greatest common divisor of u and z.
18
Let u(r) = -r. Let d be u(-5). Let s be (-4)/(-12) + 28/(-3). Let k be 3/(-2)*12/s. Calculate the highest common divisor of d and k.
1
Suppose 0 = -h - 2 + 3. Let z be (h - 3) + (-156)/(-6). What is the greatest common factor of 8 and z?
8
Let b be 54 - (1 - 4 - -3). What is the greatest common factor of b and 6?
6
Let o be (4 - -8)*(5 + 2). Let q(m) = -2*m + 4. Let n be q(-4). Calculate the greatest common factor of o and n.
12
Let b(y) = -14*y - 2. Suppose -5*p - 8 = -3*p. Let i be b(p). Let t(j) = j**3 - 3*j**2 + j + 3. Let w be t(3). What is the highest common divisor of w and i?
6
Suppose -7*s - 4 = -39. Let r = -2 + 7. Calculate the highest common divisor of r and s.
5
Let b be 16 - (8 + 1 + -5). What is the greatest common factor of 84 and b?
12
Let s be ((-2)/(-3))/((-6)/(-27)). Suppose -s*q - 5*w - 18 = -4*q, -w + 14 = 2*q. What is the highest common divisor of 80 and q?
8
Let d(x) be the third derivative of x**6/8 - x**4/12 + x**3/6 - x**2. Let q be d(1). Calculate the greatest common factor of 42 and q.
14
Let w be (1/(-2))/(3/(-6)). Let p be -2 + 17 + -3 + w. Calculate the highest common factor of p and 104.
13
Let n be (-4)/(-14) - (-2)/